n base 8, what is -306 - 1115?
-1423
In base 12, what is 18 + 471?
489
In base 10, what is -62028 - 3?
-62031
In base 9, what is -65748 - 0?
-65748
In base 10, what is 298 + -5806?
-5508
In base 11, what is -11894 + 7?
-11888
In base 8, what is 1267 - -5?
1274
In base 8, what is -62 + -116650?
-116732
In base 8, what is 11235 - 12?
11223
In base 15, what is -4 - 2e9c?
-2ea1
In base 10, what is -916 + -765?
-1681
In base 12, what is -55 - -a402?
a369
In base 4, what is -21 + -10022213?
-10022300
In base 2, what is 10000011110 + -101100011011?
-11011111101
In base 4, what is 1202030302 - -10?
1202030312
In base 6, what is -11241321 - -1?
-11241320
In base 3, what is -2201 - -101000011?
100220110
In base 5, what is -3044033 - 10?
-3044043
In base 3, what is 20101 + -2010010?
-1212202
In base 7, what is 3 - -32362?
32365
In base 4, what is -3 + -2010302103?
-2010302112
In base 4, what is -10123022 - -3312?
-10113110
In base 10, what is -67125 + -11?
-67136
In base 9, what is 840 + 5?
845
In base 5, what is -1444 - 121?
-2120
In base 10, what is -119046 - -10?
-119036
In base 7, what is -2130022 + 3?
-2130016
In base 9, what is -3 - -43311?
43307
In base 2, what is -11010101011110011 - -10001?
-11010101011100010
In base 7, what is -303101 - -3?
-303065
In base 10, what is 6937 + 2?
6939
In base 2, what is -10110011100101100011 + 1?
-10110011100101100010
In base 11, what is 379 - 151?
228
In base 16, what is 1f - -44e?
46d
In base 2, what is 10 + -111100010011010?
-111100010011000
In base 5, what is -10 - -11301111?
11301101
In base 7, what is -326043 - 2?
-326045
In base 14, what is 20d57 - -5?
20d5c
In base 2, what is 10 + 11101010011010101?
11101010011010111
In base 13, what is 3 - 7b866?
-7b863
In base 5, what is 0 + 222301?
222301
In base 7, what is -662041 - 3?
-662044
In base 16, what is -4cac6 - -4?
-4cac2
In base 11, what is 6 - 2395?
-238a
In base 4, what is 301100 - -131?
301231
In base 9, what is 103 + -6276?
-6173
In base 10, what is 2 + -67214?
-67212
In base 4, what is -102010 - -2320?
-33030
In base 15, what is 3ec1d - -3?
3ec21
In base 11, what is -3 - 178620?
-178623
In base 11, what is 0 - 728a5?
-728a5
In base 7, what is -13033 + -10?
-13043
In base 5, what is 301 - 44440?
-44134
In base 14, what is 19 + ccc?
d07
In base 13, what is -2 + 5379?
5377
In base 14, what is 1cb - 19a1?
-17b4
In base 10, what is -12844 + 20?
-12824
In base 11, what is 178 + 999?
1066
In base 13, what is -1c97 + -825?
-27bc
In base 7, what is -15 + 621510?
621462
In base 5, what is -4244 - 33041?
-42340
In base 3, what is 20 + 2010201?
2010221
In base 7, what is -3 - 256062?
-256065
In base 15, what is 7 - 12c?
-125
In base 16, what is -37 + -b6d1?
-b708
In base 2, what is -1011 + 101011110001?
101011100110
In base 9, what is -186172 - -18?
-186153
In base 7, what is -4 - 524603?
-524610
In base 2, what is -110011101000010000 - -101?
-110011101000001011
In base 4, what is 112002 - 30?
111312
In base 11, what is 191 - 6351?
-6170
In base 15, what is -89dd - 0?
-89dd
In base 12, what is -450354 - 1?
-450355
In base 9, what is 0 - -20431?
20431
In base 7, what is 243 - -105346?
105622
In base 15, what is 7 + -278e?
-2787
In base 2, what is -11010 - 10110110111?
-10111010001
In base 4, what is 31 - 1020111?
-1020020
In base 12, what is -61 + -580?
-621
In base 10, what is 25170 - -11?
25181
In base 12, what is -23819 + 28?
-237b1
In base 10, what is 38340 + -1?
38339
In base 6, what is 5025 + -3120?
1505
In base 5, what is -103 + -341411?
-342014
In base 12, what is 229 + -680?
-453
In base 9, what is 2625 - -1651?
4376
In base 14, what is -47 + -1a7?
-210
In base 15, what is -10e9 - 4a?
-1144
In base 11, what is 2a - 31630?
-31601
In base 6, what is 105242 - -1?
105243
In base 2, what is -10111011100 - 1101?
-10111101001
In base 16, what is -803 - -7d?
-786
In base 15, what is -3b - -a37?
9eb
In base 8, what is -16 + 270?
252
In base 14, what is 1c - 21505?
-214c7
In base 15, what is 9 + 8e5?
8ee
In base 15, what is 24 - 19dc?
-19b8
In base 3, what is 1 + -110110202?
-110110201
In base 14, what is 24b0 - -4?
24b4
In base 8, what is 2 + 410643?
410645
In base 8, what is -1 + -15625?
-15626
In base 9, what is -15 + -1328?
-1344
In base 14, what is -aa + -1d?
-c9
In base 15, what is 4 + 18ae1?
18ae5
In base 2, what is -1 + 1110101101010100100?
1110101101010100011
In base 7, what is -10613 + -15?
-10631
In base 13, what is -7 - -5c6b?
5c64
In base 12, what is -43929a - -2?
-439298
In base 6, what is -5333 + -12001?
-21334
In base 6, what is 142031 + 10?
142041
In base 6, what is -1025 - -4031?
3002
In base 16, what is -13 - -7991?
797e
In base 3, what is 20010 - 101021?
-11011
In base 10, what is 915468 - -1?
915469
In base 5, what is -110210 - -3041?
-102114
In base 7, what is -10304304 - -2?
-10304302
In base 6, what is 1443040 + -300?
1442340
In base 2, what is 1110011001100 + -1011110?
1110001101110
In base 12, what is -1b81 - 22?
-1ba3
In base 4, what is -10321 + -11023?
-22010
In base 8, what is 2 - 24565?
-24563
In base 2, what is 11100010110010010 + -11?
11100010110001111
In base 9, what is -146507 - 7?
-146515
In base 14, what is -4 - -c86a?
c866
In base 3, what is 210201111 + 12?
210201200
In base 9, what is -5 - 616044?
-616050
In base 2, what is -100 + -11000011111101?
-11000100000001
In base 2, what is -1000 + 101100010100010?
101100010011010
In base 6, what is 2252 - 30501?
-24205
In base 16, what is 5 + -344ec?
-344e7
In base 2, what is 100010010100111100000 - 0?
100010010100111100000
In base 12, what is -162445 + 5?
-162440
In base 4, what is 32 + -11103103?
-11103011
In base 3, what is -210020100212 + 11?
-210020100201
In base 16, what is -49 + -bca?
-c13
In base 4, what is -103031213 + 121?
-103031032
In base 13, what is -3 - -8ab6?
8ab3
In base 11, what is 0 - 1980a?
-1980a
In base 9, what is -363763 + 5?
-363757
In base 5, what is -24020 + -1213?
-30233
In base 13, what is -15c4 + c1?
-1503
In base 3, what is 1211111 + 1011?
1212122
In base 9, what is 5 - -8130?
8135
In base 16, what is 75fa + -7?
75f3
In base 14, what is 24 - -18b3?
18d7
In base 8, what is -42 + -62?
-124
In base 13, what is -842 - -c?
-833
In base 7, what is -621 - -406?
-212
In base 5, what is -10 + -14214033?
-14214043
In base 14, what is 2cab0 + -8?
2caa6
In base 2, what is 1 + 10110010111101?
10110010111110
In base 12, what is -5 - 95b?
-964
In base 12, what is 30ab + 3?
30b2
In base 4, what is -10 - 1032320102?
-1032320112
In base 8, what is 26 - 3573?
-3545
In base 8, what is -6241 + -26?
-6267
In base 16, what is -196b + -1ac?
-1b17
In base 6, what is 4 - -142130?
142134
In base 3, what is -110122110 - 10?
-110122120
In base 16, what is -4 + 11a86?
11a82
In base 7, what is 116 + 2631?
3050
In base 14, what is -1 - -4d0?
4cd
In base 12, what is -135245 - 0?
-135245
In base 11, what is 305a3 - -18?
30610
In base 16, what is 12 + -4048?
-4036
In base 8, what is 5216 - -2?
5220
In base 15, what is -8 - -45c0?
45b7
In base 6, what is -355311 - -3?
-355304
In base 13, what is -bc - 146b?
-155a
In base 7, what is 12 + 14451?
14463
In base 8, what is 1437514 - 2?
1437512
In base 9, what is 332 - -2327?
2660
In base 5, what is 1000 - -123300?
124300
In base 9, what is 1 - -2186?
2187
In base 12, what is -4 + -7482?
-7486
In base 15, what is -30b8 - ab?
-3174
In base 7, what is -2 + 25653?
25651
In base 14, what is -3273ca - -2?
-3273c8
In base 14, what is 1 + -6b61?
-6b60
In base 6, what is -350 + 431?
41
In base 13, what is 195654 - -6?
19565a
In base 16, what is -2a - -456?
42c
In base 3, what is -1022111 + 221?
-1021120
In base 5, what is -2 + 2314000?
2313443
In base 7, what is -26060 + -142?
-26232
In base 2, what is -10 + 10001011110110001?
10001011110101111
In base 9, what is 156275 + -2?
156273
In base 14, what is -2 - -b2ac1?
b2abd
In base 3, what is -212 - 1110200002?
-1110200221
In base 16, what is 3 - 4b3a?
-4b37
In base 4, what is 13 - -12313203?
12313222
In base 9, what is 4 + 321?
325
In base 10, what is -9 + 3687?
3678
In base 12, what is -7 - -3a310?
3a305
In base 10, what is 8 - 35262?
-35254
In base 3, what is 211 + 121000?
121211
In base 9, what is -16287 + 5?
-16282
In base 12, what is 374a6b + 4?
374a73
In base 11, what is 48904a + 4?
489053
In bas